Let o = 19307 - 5567. Let y be 4/22 - 1/((-55)/o). Let c = -178 + y. What is the units digit of c?
2
Suppose 3*q - 4*y - 55140 = 0, -5*q = -10*q - 3*y + 91871. What is the hundreds digit of q?
3
Let w = -468 + 678. Suppose -39 - 81 = -3*v. Suppose 0 = -5*d + w + v. What is the tens digit of d?
5
What is the tens digit of 9 + 121703/(-136)*-8?
6
Suppose -2*l + 979 = 3*v, 4*v - 4*l = -v + 1595. Let c = 317 + v. What is the hundreds digit of c?
6
Suppose -2*p - 12623 = -y, -3*y + 71*p + 37891 = 76*p. What is the tens digit of y?
2
Suppose 0 = -4*u - 3*s + 3573, -3*u + 1113 = -5*s - 1574. What is the units digit of (-8)/30*90/(-36)*u?
6
Suppose 2*y + 9628 = 13*a - 12*a, 2*a - 19246 = -y. What is the units digit of a?
4
Suppose -5*c + 38*c - 66 = 0. Suppose c*z - 1058 = 4*i - i, -3*i = -z + 529. What is the units digit of z?
9
Let j(l) = l**2 - 70*l - 4 + 77*l - 9. What is the units digit of j(29)?
1
Let k = 117375 - 75500. What is the tens digit of k?
7
Let i be (0 + 24)*(-13)/(-52). Suppose 0 = 5*y + 2*c - 6356, 0 = -10*y + i*y - c + 5086. What is the hundreds digit of y?
2
Let o be -4 + ((-116)/(-10) - 21/35). Suppose y + y = o*y. Suppose 17*h - h - 1872 = y. What is the units digit of h?
7
Let t = 19821 - -2571. What is the ten thousands digit of t?
2
Let r(d) = -280*d - 456. What is the units digit of r(-13)?
4
Suppose 3*d - 165 = -2*o - o, 0 = 3*d - 3*o - 159. What is the units digit of 34308/d + 2/3?
6
Let u(z) be the third derivative of z**5/60 - 5*z**4/12 + z**3/6 - 162*z**2. What is the hundreds digit of u(-9)?
1
Suppose -3*m - 19 = 4*q + 1, -5*q + m - 25 = 0. Let y be q/30 - 53/6. What is the units digit of (2/(-3))/(2/y)?
3
Let o = -3293 - -11154. What is the hundreds digit of o?
8
Suppose d + 5*s + 272 = 0, 10 - 14 = -4*s. Let m = d + 558. What is the tens digit of m?
8
Let f = 41 - 42. Let u be 2*f + 5 + -1. Suppose 82 = h - d, 0*d = -u*d - 10. What is the tens digit of h?
7
Let r = -3604 + 10748. What is the hundreds digit of r?
1
Let c = -93 - -99. Suppose -c = -4*o + 14. Suppose o*x - x = 20. What is the units digit of x?
5
Let m = -9564 + 20903. Suppose -9181 = -27*o + m. What is the hundreds digit of o?
7
Suppose 8*w - 11*w - 3*q + 66 = 0, -2*q = -4*w + 82. Suppose 96 + w = 3*x. What is the units digit of x?
9
Let h = 210 - 206. Suppose -2*b = -h*q + 1302, -5*q - 5*b = -445 - 1175. What is the hundreds digit of q?
3
Suppose 4*y = -20, k = 2*k - 5*y - 22. Let m(l) = -57*l**3 - 5*l**2 + 4*l + 27. What is the units digit of m(k)?
9
Suppose 6*a = -12006 + 492. Let m = -646 - a. What is the thousands digit of m?
1
Suppose 129*t = 124*t - 15. Let k(n) = -49*n**3 - 10*n**2 - 12*n + 3. What is the units digit of k(t)?
2
Let b(i) be the first derivative of i**3 - 10*i**2 + 53*i - 173. What is the tens digit of b(6)?
4
What is the units digit of 12/(-2)*(-131703)/286?
3
Let y(h) be the third derivative of -7*h**4/3 + 37*h**3/6 - 64*h**2 + 1. What is the tens digit of y(-5)?
1
Let j(f) be the third derivative of -7*f**4/3 - 77*f**3/6 - f**2 + 3. What is the tens digit of j(-5)?
0
Suppose 2*t = -3*b - 13, 0 = 5*t - 4*b + 4 - 6. Let h be 9/6*10 - t. Suppose 2*p + o = h, 3*p - 6*o + 3*o = 21. What is the units digit of p?
8
Let m be 7/(24/(-6) + (-362)/(-90)). Let o = m + -160. What is the tens digit of o?
5
Suppose 41*y - 35*y - 630 = 0. Suppose 7200 = 2*b - 0*b. What is the units digit of (-4)/14 + b/y?
4
Let b(c) = 18*c**3 + 6*c**2 - 10*c - 63. What is the thousands digit of b(7)?
6
Let z be ((-3828)/(-8))/11*28/3. Suppose x - 2*k + 7*k = 427, -x + 2*k + z = 0. What is the units digit of x?
2
Let v be (7/(28/(-36)))/1. Let j(d) = d**3 + 9*d**2 - 1. Let i be j(v). What is the tens digit of (2 + i)*-2 + 92?
9
Let a = -27 - -31. Suppose w + 5*t - 1093 = -393, a*t = -3*w + 2067. What is the units digit of w?
5
Suppose 10*r = 8*r + 126. Suppose y + 2*l - 6*l = r, -y + 51 = 2*l. Let o = 59 + y. What is the tens digit of o?
1
What is the hundreds digit of 7/56*(9 + 3 + -2)*3836?
7
What is the tens digit of ((-1168)/32 - -13)*-1586?
7
Let m(u) = -76*u - 91. Let p be m(-6). Let k = 3 + 2. Suppose k*q - p + 25 = 0. What is the tens digit of q?
6
Let f be 12 + -4 + 20/4. Suppose -f*v + 2079 = -4*v. What is the tens digit of v?
3
Let s(w) = w**2 - 3*w + 7. Let o be s(0). Let p(r) = r + 11. Let m be p(-8). Suppose -4*y = m*j - o*j - 464, 5*j = y - 120. What is the units digit of y?
5
Let k = 19605 - 9634. What is the units digit of k?
1
Let q(f) = 1598*f**3 + 3*f**2 - 31*f + 69. What is the thousands digit of q(2)?
2
Suppose -457 = 3*f + 626. Let y = f + 898. What is the tens digit of y?
3
Let a = -364 + 360. Let v(u) = -14*u**3 - 3*u**2 + 26*u - 9. Let y(m) = 5*m**3 + m**2 - 9*m + 3. Let q(s) = -6*v(s) - 17*y(s). What is the units digit of q(a)?
5
Suppose -l = 5*l - 6. Let g be 98/2*(0 + l). Suppose 1 = n, 2*k + g = 3*k - 4*n. What is the tens digit of k?
5
What is the tens digit of (-341)/(-12 + (-3160)/(-264))?
5
Let o(k) = k**3 - k**2 + k + 2. Let y(x) = -12*x - 1. Let u be y(-1). Let i(j) = -4*j + 50. Let q be i(u). What is the units digit of o(q)?
8
Suppose -3*p + 4 = x, 5*x + 25 = -0*x. Suppose -5*m - p*j = -79, 0*j = 4*m - j - 70. Let k = m + 124. What is the tens digit of k?
4
Let n = -4424 - -4040. Suppose 4*y + 261 = -m, 3*m + 3*y + 946 - 208 = 0. Let p = m - n. What is the tens digit of p?
4
What is the tens digit of (0/(-1) - -2)/(128/(-18624))*-52?
3
Suppose 8 + 2 = 5*r. Suppose r*q = q + 4*d + 24, -5*d - 25 = 0. What is the units digit of (3/q)/(1/4)?
3
Let u(g) = g**3 - 7*g**2 - 7*g - 3. Let r be u(8). Suppose -x + 261 = x - r*o, 5*o + 690 = 5*x. Let a = x + -20. What is the units digit of a?
3
Suppose -b - 6 = -12. Suppose j = 2*d - 6, 3*d + 3*j + b + 3 = 0. What is the units digit of (-289)/(-51)*18/d?
2
Let m(o) = -2883*o - 28. What is the ten thousands digit of m(-12)?
3
What is the hundreds digit of 5844/9*1287/132?
3
Let i(u) = -3440*u - 26. Let j be i(-1). Suppose -4*q + j = 4*c - 6*q, 3*c = q + 2558. What is the tens digit of c?
5
Suppose -4*q + 2*j = -127746, -j = -1 - 0. What is the ten thousands digit of q?
3
Let i(c) = -468*c + 732. What is the tens digit of i(-18)?
5
Let g = 69846 + -46803. What is the units digit of g?
3
Let c(r) = -95*r - 25. Let q be c(-6). Suppose -4*g - 5*m - q + 188 = 0, -g - 5*m = 108. What is the units digit of (1 - (1 - 1) - g) + 1?
5
Let m(y) be the first derivative of 235*y**2/2 - 115*y - 187. What is the thousands digit of m(6)?
1
Let u(d) = -303*d - 1. Let f be u(-2). Suppose 20 = 4*z + 2*g - 5*g, -g + 15 = 3*z. Suppose -z*n = 3*i - f, 5*n - i = -5*i + 610. What is the tens digit of n?
1
Suppose -5*p = -3*c - c + 20, -5*c - 3*p - 12 = 0. Suppose -81 = -r - 3*y + 298, -4*r - y + 1461 = c. What is the tens digit of r?
6
Let r be 4 - (-10 - -14)*(-22)/8. Suppose -r*d = -11*d - 1188. What is the hundreds digit of d?
2
What is the thousands digit of 3/(-5)*(-2)/2 + (-1202124)/(-210)?
5
Suppose 177 = -8*z + 33393. Suppose 736 - z = -8*i. What is the units digit of i?
7
Suppose 12*u - 10*u + 3*y = -10, 5*u + 42 = y. What is the tens digit of (-35)/5 - 22*u?
6
What is the hundreds digit of 5*(-6)/90*-15654?
2
Let x = 182 + -30. Suppose y - x = -d, 3*d = -9 - 0. What is the hundreds digit of y?
1
Let t = 33 - 57. Let b be (-1)/3 - 8/t. What is the tens digit of b/2 - (-38)/1?
3
Let p = -18417 + 5478. What is the hundreds digit of (p/(-76))/(6/16)?
4
Let w be 451/205 - (1/5 - 0). Suppose -w*f + 524 = -2*n, 2*f - 5*n + 87 - 596 = 0. Suppose -f - 273 = -3*g. What is the units digit of g?
0
Let f = -613 + 2986. What is the tens digit of f?
7
Let l(x) = -5*x - 91. Let m be l(-16). Let o = 85 - m. What is the units digit of o?
6
Let j(t) = -12362*t - 1975. What is the tens digit of j(-2)?
4
Let y be (-6)/(-4)*(-32)/(-24) + 48. Suppose t = 4*n - y, -3*t + 26 = 3*n - 19. What is the units digit of (3 + -1 - n)*-9?
9
What is the hundreds digit of (40 - 34)*15/(-18) - 19472/(-2)?
7
Suppose -5*g = 4*a - 3039, -2*g - 5*a + 606 = -613. Suppose -4*q + g = 83. Suppose -2*p = -y - q, -p + 58 = -0*p - 2*y. What is the tens digit of p?
6
Let d be 3/((-3)/(-287))*(6 + -3). Suppose -6*c - 21 = -d. Suppose -n + 25 = -c. What is the tens digit of n?
6
Let i = -125 + 235. What is the units digit of 5650/22 - (-20)/i?
7
Le